3 - 11*q**2 - 13. Let b be y(11). Let r be m(b). Suppose 4*k = r*k - 728. What is the units digit of k?
4
Suppose 5*b + 3*x = 0, 4*b = b - 5*x. Suppose b = -p - 4*c + 11, p + 2*p - 17 = -4*c. Suppose p*f - 179 = 76. What is the tens digit of f?
8
Suppose -211 = -3*u + 3*t + 383, 3*t = 5*u - 1000. Suppose 0 = 6*x - 385 - u. What is the units digit of x?
8
Let m = -29 + 34. Suppose -9 - 14 = -m*t - 2*o, 2*t + 3*o = 7. Let z(g) = -g**3 + 6*g**2 + 2*g + 6. What is the units digit of z(t)?
1
Suppose -14*s + 0*s = -28. Let z be s/(-5) + 10339/35. Suppose -8*x = -305 - z. What is the units digit of x?
5
Let x = -2418 - -6944. What is the hundreds digit of x?
5
Let q(j) = j**2 - j + 189. Let s be q(-25). Suppose -i = 0, -2*u - 5*i = -u - s. What is the units digit of u?
9
Suppose -2*w = 31 - 145. Let a(m) = -m**2 + 91 - 31*m - 28*m + w*m. What is the units digit of a(0)?
1
Let l be ((-2)/5)/((-4)/815)*-2. Suppose 2*w = -h - 92, 5*h + 482 = -0*h + w. Let c = h - l. What is the units digit of c?
7
Suppose 8 = 2*m + 2*k, -m = k - 6*k + 20. Suppose m = -3*a + 14 + 13. Let n = a + 24. What is the units digit of n?
3
Suppose -4*a + 380 = 4*r, 5*r + 380 = -a + 5*a. What is the units digit of 7/(63/6) + a/15?
7
Let p = -833 - -837. Let a(x) = x**2 - 8*x + 7. Let k be a(-7). Suppose -p*f = -8*f + k. What is the units digit of f?
8
Let u be -2*(1 + 0)*(-2 - 18). Let w = -36 + u. Suppose p - 3*i = -i + 109, 0 = -3*p + w*i + 329. What is the hundreds digit of p?
1
Let i = 21479 - -24719. What is the hundreds digit of i?
1
Let k = 419 + -133. Suppose -n = -k - 577. What is the units digit of n?
3
Let b be (1 + -7)*25/(-25). Suppose -r = b*r. Suppose -286 = -3*j - r*v + 2*v, 3*j - 293 = -5*v. What is the units digit of j?
6
Let h be (-32)/4*(287 + 2). Let u = -1023 - h. What is the hundreds digit of u?
2
Let j = -8 + -69. Let n be ((-4)/(-18) + j/(-18))*2. Let g(b) = 3*b**2 - 16*b - 1. What is the units digit of g(n)?
8
Suppose -5*a + 133 - 748 = 5*z, 5*z = 3*a - 599. Let s = -124 - z. What is the units digit of (-460)/s + ((-64)/(-12))/8?
4
Let r be ((-7)/((-28)/20))/1. Suppose 4*c - 8232 = -d, -r*c + 11427 = -3*d + 1120. What is the thousands digit of c?
2
What is the units digit of ((-134992260)/135)/(-13)*6/8?
9
Let v(a) = 2*a**3 - 5*a**2 - 3*a - 33. Let y be v(11). Let l = y + -1342. What is the units digit of l?
9
Let o be 5*(-9)/(180/8). Let q be ((-4)/(-1))/(o/(-4)). What is the units digit of (-117)/(-6)*q + 4?
0
Let r(c) = 11*c**2 - 6*c + 6. Let s be r(1). What is the tens digit of 1/(s/55*5/96)?
9
Let g = -84 - -91. Let w be (-2)/(-2)*(-15 + -12). What is the tens digit of -2*13*(g + w/2)?
6
Suppose -31 - 34 = -5*u. Let w(y) = 52 - 22*y**2 - y + 7*y**2 + u*y**2. What is the units digit of w(0)?
2
Let z be (-4)/10*-10 + -52. Let x be ((-4)/z*-3 + -1)*-8. Let d = x + 73. What is the units digit of d?
3
Suppose -5*d - 2*s = 101, -d - s + 16 = -2*d. What is the hundreds digit of ((-1374)/4)/(d/38)?
6
Let r(p) = p**2 + 5*p + 18. Let u be 6*60/(-27)*-3. Let n = u - 50. What is the units digit of r(n)?
8
Suppose -124 = 30*y - 61*y. Suppose 2*l - 1790 = 5*f, -8*l - y*f + 3580 = -4*l. What is the tens digit of l?
9
Suppose -y = m - 52575, 3*m + 294*y = 289*y + 157711. What is the units digit of m?
2
Suppose 0 = -a + 3*v + 405 + 1243, 0 = -5*a - 5*v + 8260. Let c = a - 949. What is the units digit of c?
2
Suppose 24 = 2*c + 2*c. Suppose 4*r - c = -54. Let u = r - -104. What is the tens digit of u?
9
Let q(w) = -30*w**2 + 5*w + 2. Let b be q(-2). What is the hundreds digit of ((-813)/(-4))/(4/(b/(-12)))?
5
Let i = 13722 - 7052. What is the hundreds digit of i?
6
Suppose 2*o = 805 + 303. Suppose z + 5*i - o = 0, 4*z - 389 - 1777 = 5*i. What is the tens digit of z?
4
Let w(a) be the second derivative of -a**3 + 38*a**2 + 39*a. What is the tens digit of w(-19)?
9
Let r(q) = 7*q**2 + 20*q - 408. What is the ten thousands digit of r(47)?
1
Let u(w) = 62*w + 1. Let d be u(1). Let s = 1434 + -1474. Let b = d - s. What is the tens digit of b?
0
Let o = 6049 - 4024. Suppose 4*n = 8*t - 3*t + 2023, -4*n + o = -3*t. What is the hundreds digit of n?
5
Let y = -611 + 5789. What is the tens digit of y?
7
Let l = -32 + -67. Let a = l + 817. What is the units digit of a?
8
Suppose q + 160*p = 156*p + 11298, 3*p = -5*q + 56575. What is the thousands digit of q?
1
Let y(o) = 236*o - 29. Let d(l) = 117*l - 15. Let x(r) = 7*d(r) - 4*y(r). What is the tens digit of x(-4)?
1
Let o = 5481 + -3798. What is the units digit of o?
3
Let o = 686 + -683. Suppose 0 = -5*t + v + 5293, -v = 2*t + o*v - 2104. What is the tens digit of t?
5
Let f(w) = w**2 - 5*w + 101. Let o be 3/6*(184 + 10). Let n = o + -97. What is the hundreds digit of f(n)?
1
Let t = 10 + -5. Suppose -4*b + 0*g + 28 = -4*g, -g = t. What is the units digit of (-9)/((-54)/645)*b/5?
3
What is the thousands digit of 2 + 0 - 0 - (18 - -7 - 46080)?
6
Suppose -1277 = 2*j + 3*g, 4*j + 4*g - 2*g + 2534 = 0. Let a = 1738 + j. What is the thousands digit of a?
1
Let o = -138 - -209. Let b = 87 - o. What is the units digit of b?
6
Let x(h) = h**3 - 38*h**2 + h - 44. Let m be x(38). What is the hundreds digit of (-8)/m + 1925/3?
6
What is the hundreds digit of -28*1924/(-78)*5*21?
5
Let r(w) = 13*w**2 - 174*w - 198. What is the hundreds digit of r(-51)?
4
Let o(u) = -2*u**3 - 29*u**2 + 363*u + 23. What is the thousands digit of o(-28)?
1
Suppose 0 = 34*k - 32*k - 6. Suppose k*h + 9 = 0, 2*o + 2*h = -487 + 2493. What is the units digit of o?
6
Let c(h) = -7*h + 7. Let v(i) = -3*i + 4. Let z(p) = -2*c(p) + 5*v(p). Let a be z(-13). Suppose a = -34*s + 35*s. What is the units digit of s?
9
Let j(h) = h**2 + 6*h - 14. Let p be j(-8). Suppose 0 = -2*q, -92 = -p*a + q + 3*q. Suppose a*s = 41*s + 180. What is the units digit of s?
6
Suppose 2596*q = 2614*q - 74844. What is the tens digit of q?
5
Let x = 568 - 563. Suppose 4*z + 3689 = 5*k + 3*z, 3685 = 5*k - x*z. What is the hundreds digit of k?
7
What is the ten thousands digit of 83202/4*(0 - -2)*(-8)/(-24)?
1
Let c be (-5 - 1) + 308/14. Suppose 0 = -c*g - 15*g + 6293. What is the hundreds digit of g?
2
Let z = -1908 + 6257. What is the units digit of z?
9
Suppose -14*h - 40 = -6*h - 16*h. Suppose -s = -3*g + 3*s + 31, -4*s = 5*g - 9. Suppose i - 4*p - 50 = 0, -h*i + g*p = -175 - 60. What is the tens digit of i?
4
Let m(o) = -o**3 + o**2 + o + 1. Let s(a) = -4*a**3 - 13*a**2 - 37*a + 14. Let i(z) = 3*m(z) - s(z). What is the tens digit of i(-12)?
8
Suppose -4*o + o - 9 = -4*k, 4*k = 4*o + 12. Let j be (o + (-13)/(-2))*-10. Let g = j - -271. What is the tens digit of g?
3
Suppose 12*n = -7*n + 57. Suppose -5*j = 3*x - 3*j - 713, -j + 712 = 3*x. Suppose -n*s = -3*y - x, -5*s - 4*y - 134 = -556. What is the tens digit of s?
8
Let n(f) = 15*f**2 + 72. Let g be n(-7). Let v = g + -218. What is the tens digit of v?
8
Let o = 30 + -27. Let r be (2/o)/((-1)/3). Let m(c) = -49*c - 1. What is the units digit of m(r)?
7
Suppose -14 - 8 = -5*n + t, n - 3*t = -4. Suppose n*a - 1594 = -y + 4*y, 0 = 4*y + 12. What is the hundreds digit of a?
3
Let a be (5 - 10/(-4))/((-6)/(-4)). Let x(c) = 22*c**2 - 11*c + 74. What is the units digit of x(a)?
9
What is the thousands digit of (1 - 5) + 7 - (-17906)/2?
8
Suppose 260 = -2*z + 15*z. Suppose -84 = -z*j + 16*j. What is the units digit of j?
1
Let x(a) = 8*a**2 - 88*a + 1494. What is the thousands digit of x(41)?
1
Let r(w) = w**3 - 6*w**2 + 8*w - 23. Let o = 34 - 25. What is the hundreds digit of r(o)?
2
Suppose 94*c + 105*c - 224*c + 153025 = 0. What is the hundreds digit of c?
1
Suppose 4*o - 506*w - 22504 = -502*w, 5*o + 2*w - 28165 = 0. What is the units digit of o?
1
Suppose 4*q - 7 = l + 6, 0 = l - 3*q + 9. Suppose 0 = 10*s - 7*s + g - 928, -l*s + 924 = 3*g. What is the tens digit of s?
1
Let t = 217 - 178. Let y = t + 106. What is the tens digit of y?
4
Let j = 83776 + -41786. What is the hundreds digit of j?
9
Let c(w) = -w**3 + 26*w**2 - 26*w + 25. Let d be c(25). Suppose d = -5*y - 3*t + 1812, 2*y = -0*y - 2*t + 728. What is the tens digit of y?
6
Let u(b) = 9*b**2 - 14 + 49*b + 12*b**2 - 3*b**3 + 2*b**3 - 21*b. What is the tens digit of u(22)?
1
Let j be (-712)/(-56) + (-2)/(-28)*4. Suppose 0 = -j*v + 17*v + 144. Let t = 93 - v. What is the tens digi